{"id":3927,"date":"2019-05-10T15:51:19","date_gmt":"2019-05-10T18:51:19","guid":{"rendered":"http:\/\/giroforte.jobpublicidade.com.br\/?page_id=3927"},"modified":"2019-05-14T16:19:28","modified_gmt":"2019-05-14T19:19:28","slug":"about-us-3","status":"publish","type":"page","link":"https:\/\/www.redegiroforte.com.br\/?page_id=3927","title":{"rendered":"Miss\u00e3o &#8211; Vis\u00e3o &#8211; Valores"},"content":{"rendered":"<p>[vc_row][vc_column][vc_empty_space][vc_column_text]<\/p>\n<h2>MISS\u00c3O<\/h2>\n<p>Promover o desenvolvimento, unindo os elos: associados, fornecedores e Rede, para que juntos consigam criar ferramentas, produtos e servi\u00e7os, em busca de melhores resultados.<\/p>\n<p>&nbsp;<\/p>\n<h2>VIS\u00c3O<\/h2>\n<p>Ser refer\u00eancia em associativismo, capacita\u00e7\u00e3o profissional e presta\u00e7\u00e3o de servi\u00e7os aos associados.<\/p>\n<p>&nbsp;<\/p>\n<h2>VALORES<\/h2>\n<p class=\"texto_paragrafo\">&#8211; \u00c9tica<\/p>\n<p class=\"texto_paragrafo\">&#8211; Transpar\u00eancia<\/p>\n<p class=\"texto_paragrafo\">&#8211; Simplicidade<\/p>\n<p class=\"texto_paragrafo\">&#8211; Inova\u00e7\u00e3o<\/p>\n<p class=\"texto_paragrafo\">&#8211; Humildade<\/p>\n<p class=\"texto_paragrafo\">&#8211; Uni\u00e3o (Trabalho em equipe)<\/p>\n<p class=\"texto_paragrafo\">&#8211; Comprometimento<\/p>\n<p class=\"texto_paragrafo\">&#8211; Respeito \u00e0s particularidades de cada associado<\/p>\n<p>[\/vc_column_text][\/vc_column][\/vc_row]<\/p>\n","protected":false},"excerpt":{"rendered":"<p>[vc_row][vc_column][vc_empty_space][vc_column_text] MISS\u00c3O Promover o desenvolvimento, unindo os elos: associados, fornecedores e Rede, para que juntos consigam criar ferramentas, produtos e servi\u00e7os, em&#8230;<\/p>\n","protected":false},"author":1,"featured_media":0,"parent":0,"menu_order":0,"comment_status":"closed","ping_status":"closed","template":"","meta":[],"_links":{"self":[{"href":"https:\/\/www.redegiroforte.com.br\/index.php?rest_route=\/wp\/v2\/pages\/3927"}],"collection":[{"href":"https:\/\/www.redegiroforte.com.br\/index.php?rest_route=\/wp\/v2\/pages"}],"about":[{"href":"https:\/\/www.redegiroforte.com.br\/index.php?rest_route=\/wp\/v2\/types\/page"}],"author":[{"embeddable":true,"href":"https:\/\/www.redegiroforte.com.br\/index.php?rest_route=\/wp\/v2\/users\/1"}],"replies":[{"embeddable":true,"href":"https:\/\/www.redegiroforte.com.br\/index.php?rest_route=%2Fwp%2Fv2%2Fcomments&post=3927"}],"version-history":[{"count":1,"href":"https:\/\/www.redegiroforte.com.br\/index.php?rest_route=\/wp\/v2\/pages\/3927\/revisions"}],"predecessor-version":[{"id":3929,"href":"https:\/\/www.redegiroforte.com.br\/index.php?rest_route=\/wp\/v2\/pages\/3927\/revisions\/3929"}],"wp:attachment":[{"href":"https:\/\/www.redegiroforte.com.br\/index.php?rest_route=%2Fwp%2Fv2%2Fmedia&parent=3927"}],"curies":[{"name":"wp","href":"https:\/\/api.w.org\/{rel}","templated":true}]}}